{"id":14,"date":"2015-07-28T13:52:19","date_gmt":"2015-07-28T13:52:19","guid":{"rendered":"http:\/\/martinlopezolaciregui.com\/?page_id=14"},"modified":"2021-01-04T00:50:54","modified_gmt":"2021-01-04T00:50:54","slug":"biografia-2","status":"publish","type":"page","link":"https:\/\/martinlopezolaciregui.com\/","title":{"rendered":"Curr\u00edculum"},"content":{"rendered":"<div class=\"fusion-title title\"><h1 class=\"title-heading-left\">Mart\u00edn L\u00f3pez Olaciregui<\/h1><div class=\"title-sep-container\"><div class=\"title-sep sep-single\"><\/div><\/div><\/div>\n<h2>CURR\u00cdCULUM<\/h2>\n<div class=\"fusion-sep-clear\"><\/div><div class=\"fusion-separator sep-none\" style=\"border-color:#e0dede;margin-top:20px;margin-bottom:20px;max-width:20;\"><\/div>\n<p style=\"text-align: justify;\"><strong>Datos personales<\/strong><\/p>\n<p style=\"text-align: justify;\"><strong>1.<\/strong> Mart\u00edn L\u00f3pez Olaciregui naci\u00f3 en la ciudad de Buenos Aires el 30 de julio de 1949. Es abogado, y ejerci\u00f3 su profesi\u00f3n privadamente y en la Procuraci\u00f3n del Tesoro de la Naci\u00f3n, hasta que se jubil\u00f3 el 1 de febrero de 2018.<br \/>\n<strong>2.<\/strong> Entre septiembre de 1992 y julio de 1994 fue Subprocurador del Tesoro de la Naci\u00f3n.<\/p>\n<p style=\"text-align: justify;\"><strong>Actividad docente<\/strong><\/p>\n<p style=\"text-align: justify;\"><strong>1.<\/strong> En 1973 y 1974 fue profesor adjunto de <em>Historia Social Argentina<\/em> en la Facultad de Derecho y Ciencias Sociales de la Universidad de Buenos Aires.<br \/>\n<strong>2.<\/strong> En 1995 y 1996 fue profesor asistente de <em>Derecho Constitucional<\/em> en la Facultad de Derecho de la Universidad Cat\u00f3lica Argentina.<\/p>\n<p style=\"text-align: justify;\"><strong>Conferencias<\/strong><\/p>\n<p style=\"text-align: justify;\"><strong>1.<\/strong>\u00a0Sobre la vida y obra del general Jos\u00e9 de San Mart\u00edn, titulada <em>San Mart\u00edn, el mejor de todos <\/em>(9 de septiembre de 1996).<br \/>\n<strong>2.<\/strong> <em>San Mart\u00edn, su vida privada y la teor\u00eda del agente ingl\u00e9s <\/em>(30 de agosto de 2000).<br \/>\n<strong>3.<\/strong>\u00a0<em>Alejandro Magno<\/em> (25 de agosto de 2005).<\/p>\n<p style=\"text-align: justify;\"><strong>Publicaciones<\/strong><\/p>\n<p style=\"text-align: justify;\"><strong>1.<\/strong>\u00a0<em>Tristeza<\/em>\u00a0(poema) (suplemento cultural del diario <em>Mayor\u00eda<\/em>, septiembre de 1973).<\/p>\n<p style=\"text-align: justify;\"><strong>2.<\/strong><em> Los grandes per\u00edodos de nuestra historia<\/em>\u00a0(suplemento cultural del diario <em>Mayor\u00eda<\/em>, julio de 1974).<br \/>\n<strong>3.<\/strong><em> 1964 Operaci\u00f3n Retorno<\/em>\u00a0(revista <em>Todo es Historia<\/em>, n\u00famero 94, marzo de 1975).<br \/>\n<strong>4.<\/strong><em> Estudio sobre la elecci\u00f3n del intendente en la ciudad de Buenos Aires<\/em> (con la colaboraci\u00f3n de Alejo Arturo Mart\u00ednez Araujo) (revista <em>El Derecho<\/em>, tomo 146, p\u00e1gina 871).<br \/>\n<strong>5.<\/strong><em> Dos cuestiones interpretativas acerca de la Ley 23.570<\/em>\u00a0(revista <em>Derecho del Trabajo<\/em>, tomo 1992-A, p\u00e1gina 1013).<br \/>\n<strong>6.<\/strong><em> Constituci\u00f3n de hipoteca mediante acta administrativa<\/em>\u00a0(revista <em>Doctrina Judicial<\/em>, tomo 1992-2, p\u00e1gina 657).<br \/>\n<strong>7.<\/strong><em> La doctrina de la Procuraci\u00f3n del Tesoro de la Naci\u00f3n en materia de entidades aut\u00e1rquicas<\/em> (con la colaboraci\u00f3n de Mar\u00eda Susana Hualde) (<em>Revista de Derecho Administrativo<\/em>, n\u00famero 14, septiembre-diciembre de 1993, p\u00e1gina 533).<br \/>\n<strong>8.<\/strong><em> El rol de la Procuraci\u00f3n del Tesoro de la Naci\u00f3n en los convenios econ\u00f3mico-financieros internacionales<\/em> (coautor\u00eda de Alejandra Rodr\u00edguez Gal\u00e1n) (revista\u00a0<em>130 de a\u00f1os de la Procuraci\u00f3n del Tesoro de la Naci\u00f3n<\/em>\u00a0y <em>Revista de Derecho Administrativo<\/em>, n\u00famero 15\/16, enero-agosto de 1994).<br \/>\n<strong>9.<\/strong><em> La aplicaci\u00f3n de la Ley de Procedimientos Administrativos y su reglamentaci\u00f3n a los organismos militares, de defensa y seguridad<\/em>\u00a0(<em>Revista de la Procuraci\u00f3n del Tesoro de la Naci\u00f3n<\/em>, n\u00famero 22, julio-diciembre de 1994).<br \/>\n<strong>10.<\/strong><em> Algunas reflexiones sobre los tratados intrafederales<\/em>\u00a0(revista <em>El Derecho<\/em>, tomo 159, p\u00e1gina 1015).<br \/>\n<strong>11.<\/strong><em> Algunas pautas doctrinarias sobre diversos aspectos del reparto constitucional de competencias<\/em>\u00a0(revista <em>Doctrina Judicial<\/em>, ejemplar del 9 de noviembre de 1994).<br \/>\n<strong>12.<\/strong><em> Pautas doctrinarias sobre la hermen\u00e9utica jur\u00eddica<\/em>\u00a0(revista <em>Jurisprudencia Argentina<\/em>, tomo 1994-IV, p\u00e1gina 756).<br \/>\n<strong>13.<\/strong><em> El m\u00e9dico que por negligencia causara la incapacidad absoluta y permanente de un trabajador dependiente, \u00bfdebe responder frente al empleador obligado a abonar la indemnizaci\u00f3n del 4.\u00b0 p\u00e1rrafo del art\u00edculo 212 de la Ley de Contrato de Trabajo?<\/em>\u00a0(revista <em>Derecho del Trabajo<\/em>, tomo 1995-A, p\u00e1gina 51).<br \/>\n<strong>14.<\/strong><em> La facultad del letrado defensor en el proceso penal de examinar la causa entre su designaci\u00f3n y su aceptaci\u00f3n del cargo (art\u00edculo 106 del C\u00f3digo Procesal Penal)<\/em> (coautor\u00eda de Francisco Norberto D&#8217;Atri) (revista <em>Jurisprudencia Argentina<\/em>, ejemplar del 5 de abril de 1995).<br \/>\n<strong>15.<\/strong><em> El estatus constitucional del Banco de la Provincia de Buenos Aires<\/em>\u00a0(revista <em>El Derecho<\/em>, tomo 163, p\u00e1gina 1156).<br \/>\n<strong>16.<\/strong><em> Acerca de la delegaci\u00f3n legislativa<\/em>\u00a0(revista <em>La Ley<\/em>, tomo 1995-E, p\u00e1gina 808).<br \/>\n<strong>17.<\/strong><em> \u00bfQu\u00e9 cosa fuera la maza sin cantera? (O la Ciudad de Buenos Aires y el alcance de la competencia de su Poder Judicial)<\/em> (con la colaboraci\u00f3n de Gustavo P\u00e9rez Colman, Jos\u00e9 Manuel Ugarte, Luis Enrique Palacio, Marcelo Valva, Cecilia Recalde, Mar\u00eda Antonia Soria, Alejandra Rodr\u00edguez Gal\u00e1n, Alejo Arturo Mart\u00ednez Araujo y Viviana Lucas) (<em>Revista de Derecho Administrativo<\/em>, n\u00famero 21-23, enero-diciembre de 1996).<br \/>\n<strong>18.<\/strong><em> El suicidio de Leandro N. Alem<\/em>\u00a0(revista\u00a0<em>Intramuros<\/em>, ejemplar <em>Primavera<\/em> de 1996).<br \/>\n<strong>19.<\/strong><em> Bien debute y a la gurda (algunas consideraciones sobre el lunfardo)<\/em>\u00a0(revista <em>Idioman\u00eda<\/em>, n\u00famero 55, febrero de 1997).<br \/>\n<strong>20.<\/strong><em> Reflexiones sobre el principio<\/em> solve et repete. <em>Su inclusi\u00f3n en la legislaci\u00f3n tributaria<\/em> (coautor\u00eda de Alejo Arturo Mart\u00ednez Araujo y Luis Alfredo Vedoya) (revista <em>La Ley<\/em>, ejemplar del 14 de octubre de 1997).<br \/>\n<strong>21.<\/strong><em> Pr\u00f3ceres, literatos y el desabrimiento del virrey<\/em>\u00a0(revista <em>Idioman\u00eda<\/em>, n\u00famero 63, octubre de 1997).<br \/>\n<strong>22.<\/strong><em> Los saladeros y la pol\u00edtica rosista<\/em>\u00a0(revista <em>Historia<\/em>, A\u00f1o XVII, n\u00famero 68, diciembre de 1997-febrero de 1998).<br \/>\n<strong>23.<\/strong><em> El enigma de Pav\u00f3n<\/em>\u00a0(revista <em>Desmemoria<\/em>, A\u00f1o 5, n\u00famero 17, enero-abril de 1998).<br \/>\n<strong>24.<\/strong><em> Aplicaci\u00f3n de una nueva ley argentina a los convenios econ\u00f3mico-financieros internacionales que se est\u00e1n cumpliendo (El art\u00edculo 66 de la Ley Complementaria Permanente de Presupuesto y el art\u00edculo 3 del C\u00f3digo Civil)<\/em>\u00a0(<em>Revista de Derecho Administrativo<\/em>, n\u00famero 27-29, enero-diciembre de 1998).<br \/>\n<strong>25.<\/strong><em> Los jueces y el Impuesto a las Ganancias<\/em> (con la colaboraci\u00f3n de Cristina Sarmiento, Mar\u00eda Jos\u00e9 Rodr\u00edguez y Luis Alfredo Vedoya) (revista <em>Jurisprudencia Argentina<\/em>, tomo 1998-II, p\u00e1gina 698).<br \/>\n<strong>26.<\/strong><em> El uso de las may\u00fasculas y de las min\u00fasculas en el lenguaje jur\u00eddico<\/em>\u00a0(revista <em>Idioman\u00eda<\/em>, n\u00famero 77, febrero de 1999).<br \/>\n<strong>27.<\/strong><em> El Manual de Estilo de la Procuraci\u00f3n del Tesoro de la Naci\u00f3n<\/em>\u00a0(revista <em>Doctrina Judicial<\/em>, ejemplar del 23 de febrero de 2000).<br \/>\n<strong>28.<\/strong><em> La doctrina de la Corte Suprema de Justicia de la Naci\u00f3n y de la Procuraci\u00f3n del Tesoro de la Naci\u00f3n sobre acumulaci\u00f3n de compensaciones en los infortunios laborales sufridos por miembros de las Fuerzas Armadas y de Seguridad<\/em> (coautor\u00eda de Julia Beatriz Meana de Louge) (<em>Revista de la Procuraci\u00f3n del Tesoro de la Naci\u00f3n<\/em>, enero-febrero de 2000).<br \/>\n<strong>29.<\/strong><em> La doble obligaci\u00f3n de los abogados que ejercen su profesi\u00f3n como funcionarios de guardar el secreto profesional y de denunciar los delitos de acci\u00f3n p\u00fablica que conozcan en el ejercicio de sus funciones<\/em> (con la colaboraci\u00f3n de Mariano Garc\u00eda Blanco) (revista <em>Jurisprudencia Argentina<\/em>, <em>Suplemento Especial de Derecho Administrativo<\/em> <em>del Semanario N.\u00ba 6248 del 30-5-01)<\/em>.<br \/>\n<strong>30.<\/strong><em> La emancipaci\u00f3n de las colonias espa\u00f1olas de Am\u00e9rica<\/em>\u00a0(revista <em>Historia<\/em>, A\u00f1o XXI, n\u00famero 82, junio-agosto de 2001).<br \/>\n<strong>31<\/strong>.<em> Las revoluciones de 1848<\/em>\u00a0(revista <em>Fundaci\u00f3n<\/em>, A\u00f1o IX, n\u00famero 19, noviembre de 2001).<br \/>\n<strong>32.<\/strong><em> A 85 a\u00f1os de la batalla de Verd\u00fan<\/em>\u00a0(revista <em>Historia<\/em>, A\u00f1o XXI, n\u00famero 84, diciembre de 2001-febrero de 2002).<br \/>\n<strong>33.<\/strong><em> El nuevo revisionismo hist\u00f3rico antisanmartiniano<\/em>\u00a0(revista <em>Historia<\/em>, A\u00f1o XXII, n\u00famero 86, junio-agosto de 2002).<br \/>\n<strong>34.<\/strong><em> La claridad en los escritos jur\u00eddicos<\/em>\u00a0(<em>Revista del Colegio de Abogados de la Ciudad de Buenos Aires<\/em>, tomo 65, n\u00famero 2, diciembre de 2005).<br \/>\n<strong>35.<\/strong><em> Alejandro Magno<\/em>\u00a0(revista <em>Historia<\/em>, A\u00f1o XXVI, n\u00famero 101, marzo-mayo de 2006).<\/p>\n<p style=\"text-align: justify;\"><strong>36.<\/strong> <em>El hombre va<\/em> (poema) (revista <em>Intramuros<\/em>, A\u00f1o XVII, Coleccionable n\u00famero 33, Edici\u00f3n Internacional, ejemplar <em>Invierno<\/em> 2010-2011).<\/p>\n<p style=\"text-align: justify;\"><strong>37.<\/strong> <em>Belgrano, el hombre que fue y es la Patria<\/em> (carta publicada en <em>Cartas de Lectores<\/em> del diario <em>Clar\u00edn<\/em>, ejemplar del 27 de febrero de 2012).<\/p>\n<p style=\"text-align: justify;\"><strong>38.<\/strong><i> San Mart\u00edn y Artigas<\/i>\u00a0(revista\u00a0<i>El Derecho<\/i>,\u00a0<i>Suplemento Constitucional<\/i>, ejemplar del 19 de marzo de 2015, A\u00f1o LIII, N.\u00ba 13.692).<\/p>\n<p style=\"text-align: justify;\"><strong>39.<\/strong> <em>\u00bfQui\u00e9n fue Belgrano?<\/em>\u00a0(publicado en esta p\u00e1gina electr\u00f3nica).<\/p>\n<p style=\"text-align: justify;\"><strong>40.<\/strong> <em>Elogio de la claridad<\/em>\u00a0(publicado en esta p\u00e1gina electr\u00f3nica).<\/p>\n<p style=\"text-align: justify;\"><strong>41.<\/strong> <em>Contra la religi\u00f3n<\/em>\u00a0(publicado en esta p\u00e1gina electr\u00f3nica).<\/p>\n<p style=\"text-align: justify;\"><strong>42.<\/strong> <em>Aplicaci\u00f3n e interpretaci\u00f3n de normas jur\u00eddicas claras<\/em>\u00a0(revista <em>El Derecho<\/em>, A\u00f1o LIV, N.\u00ba 13.908, ejemplar del 4 de marzo de 2016).<\/p>\n<p style=\"text-align: justify;\"><strong>43.<\/strong> <em>\u00bfEl mismo idioma? (Un di\u00e1logo entre un porte\u00f1o y un madrile\u00f1o en Madrid, a\u00f1o 2005)<\/em> (publicado en esta p\u00e1gina electr\u00f3nica).<\/p>\n<p style=\"text-align: justify;\"><strong>44.<\/strong> <em>Grandes letras de tango comentadas<\/em> (publicado en esta p\u00e1gina electr\u00f3nica).<\/p>\n<p style=\"text-align: justify;\"><strong>45.<\/strong> <em>Cr\u00edtica a la filosof\u00eda<\/em> (publicado en esta p\u00e1gina electr\u00f3nica).<\/p>\n<p style=\"text-align: justify;\"><strong>46.<\/strong> <em>El pa\u00eds, una eterna calesita<\/em> (carta publicada en <em>Cartas de los Lectores<\/em> del diario <em>La Naci\u00f3n<\/em>, ejemplar del 16 de octubre de 2016).<\/p>\n<p style=\"text-align: justify;\"><strong>47.<\/strong> <em>Del arte de la actuaci\u00f3n<\/em> (publicado en esta p\u00e1gina electr\u00f3nica).<\/p>\n<p style=\"text-align: justify;\"><strong>48.<\/strong> <em>El Realismo y el Idealismo filos\u00f3ficos<\/em> (publicado en esta p\u00e1gina electr\u00f3nica).<\/p>\n<p><strong>49.<\/strong> <em>\u00a1Ay, Patria m\u00eda!<\/em> (publicado en esta p\u00e1gina electr\u00f3nica).<\/p>\n<p><strong>50.<\/strong> <em>La sociedad argentina<\/em> (publicado en esta p\u00e1gina electr\u00f3nica).<\/p>\n<p><strong>51.<\/strong> <em>Ser y parecer<\/em> (publicado en esta p\u00e1gina electr\u00f3nica).<\/p>\n<p style=\"text-align: justify;\"><strong>Distinciones<\/strong><\/p>\n<p style=\"text-align: justify;\"><strong>1.<\/strong> Menci\u00f3n de honor en el concurso de poes\u00eda I Certamen Literario Iberoamericano Pablo Neruda, organizado por la Embajada de las Letras en la Ciudad de Buenos Aires en septiembre de 1995, por los poemas <em>Horror<\/em>, <em>La rosa del tiempo<\/em>, <em>Soledad<\/em>, <em>Cotidiano<\/em> y <em>Desamparo<\/em> (publicados en la <em>Antolog\u00eda Po\u00e9tica Trazos del Tiempo<\/em>, tomo I, <em>Colecci\u00f3n de autores contempor\u00e1neos<\/em> 1995, Embajada de las Letras).<\/p>\n<p style=\"text-align: justify;\"><strong>2.<\/strong> Menci\u00f3n de honor en el II Certamen Internacional de Poes\u00eda y Cuento Jorge Luis Borges, organizado por Ciberbook International en la Ciudad de Buenos Aires en agosto de 1997, por los poemas <em>El hombre va<\/em>, <em>Insomnio<\/em>, <em>Atardecer<\/em> y <em>Discepol\u00edn<\/em>, y el cuento <em>La noche<\/em>.<\/p>\n<p style=\"text-align: justify;\"><strong>3.<\/strong> Finalista en el Primer Certamen Internacional de Poes\u00eda, organizado por Red Literaria, por los poemas <em>El hombre va<\/em>, <em>Atardecer<\/em>, <em>Discepol\u00edn<\/em>, <em>Cotidiano<\/em> y <em>La rosa del tiempo<\/em> (publicados en <em>Poes\u00eda Universal-Antolog\u00eda Biling\u00fce Castellano-Ingl\u00e9s<\/em>, Red Literaria, Tomo Uno, Buenos Aires, 1998).<\/p>\n<p style=\"text-align: justify;\"><strong>4.<\/strong> Segundo premio en el concurso de ensayos hist\u00f3ricos <em>Los Libertadores<\/em>, organizado en el a\u00f1o 2000 por el Centro Cultural Enrique Santos Disc\u00e9polo con motivo del 150.\u00ba aniversario de las muertes del general Jos\u00e9 de San Mart\u00edn y de Jos\u00e9 Gervasio Artigas, obtenido con el ensayo titulado <em>Vida y obra del general Jos\u00e9 de San Mart\u00edn<\/em>.<\/p>\n<p style=\"text-align: justify;\"><strong>Libros<\/strong><\/p>\n<p style=\"text-align: justify;\"><strong>1.<\/strong><em> San Mart\u00edn, el mejor de todos<\/em>; Grupo Editor Latinoamericano, Buenos Aires, 1997 (reeditado en 2008).<br \/>\n<strong>2.<\/strong><em> Manual de Estilo de la Procuraci\u00f3n del Tesoro de la Naci\u00f3n<\/em>; La Ley, Buenos Aires, 1998 (coautor\u00eda de Carolina Coronado, Horacio Vaccarezza, Carlos F\u00e9lix Mart\u00edn y Herrera, An\u00edbal A. Braga Men\u00e9ndez y Norma Clara Lacoretz).<br \/>\n<strong>3.<\/strong><em> Historias argentinas<\/em>; Biblos, Buenos Aires, 1999.<br \/>\n<strong>4.<\/strong><em> El hombre va. Veintitr\u00e9s poemas, tres reflexiones y un cuento<\/em>; Biblos, Buenos Aires, 2002.<br \/>\n<strong>5.<\/strong><em> La Grecia antigua. Historia y filosof\u00eda al alcance de todos<\/em>; Grupo Editor Latinoamericano, Buenos Aires, 2010.<\/p>\n<p style=\"text-align: justify;\"><strong>6.<\/strong><em> Nuevo Manual de Estilo de la Procuraci\u00f3n del Tesoro de la Naci\u00f3n<\/em>\u00a0(publicado en la p\u00e1gina electr\u00f3nica de la Procuraci\u00f3n del Tesoro de la Naci\u00f3n, www.ptn.gob.ar, Buenos Aires, 2018).<\/p>\n<p><strong>7.<\/strong> <em>Ensayos sobre muy diversos temas<\/em>; Grupo Editor Latinoamericano, Buenos Aires, 2018.<\/p>\n<p style=\"text-align: justify;\"><strong>Discos<\/strong><\/p>\n<p style=\"text-align: justify;\"><strong>1.<\/strong>\u00a0<em>Poemas recitados<\/em> (2011) (veinticuatro poemas recitados, entre ellos, uno propio, varios de Borges y de Almafuerte, uno de Atahualpa Yupanqui, uno de Horacio Ferrer, varios poemas lunfardos y varias letras de tango).<\/p>\n<p style=\"text-align: justify;\"><strong>2.<\/strong>\u00a0<em>Tangos recitados<\/em> (2015) (veintis\u00e9is letras de tango recitadas).<\/p>\n\n","protected":false},"excerpt":{"rendered":"","protected":false},"author":1,"featured_media":0,"parent":0,"menu_order":0,"comment_status":"open","ping_status":"open","template":"","meta":[],"_links":{"self":[{"href":"https:\/\/martinlopezolaciregui.com\/index.php\/wp-json\/wp\/v2\/pages\/14"}],"collection":[{"href":"https:\/\/martinlopezolaciregui.com\/index.php\/wp-json\/wp\/v2\/pages"}],"about":[{"href":"https:\/\/martinlopezolaciregui.com\/index.php\/wp-json\/wp\/v2\/types\/page"}],"author":[{"embeddable":true,"href":"https:\/\/martinlopezolaciregui.com\/index.php\/wp-json\/wp\/v2\/users\/1"}],"replies":[{"embeddable":true,"href":"https:\/\/martinlopezolaciregui.com\/index.php\/wp-json\/wp\/v2\/comments?post=14"}],"version-history":[{"count":39,"href":"https:\/\/martinlopezolaciregui.com\/index.php\/wp-json\/wp\/v2\/pages\/14\/revisions"}],"predecessor-version":[{"id":261,"href":"https:\/\/martinlopezolaciregui.com\/index.php\/wp-json\/wp\/v2\/pages\/14\/revisions\/261"}],"wp:attachment":[{"href":"https:\/\/martinlopezolaciregui.com\/index.php\/wp-json\/wp\/v2\/media?parent=14"}],"curies":[{"name":"wp","href":"https:\/\/api.w.org\/{rel}","templated":true}]}}